7920 = 33*h. What is the ten thousands digit of h?
2
Let t = 15739 + -9335. What is the thousands digit of t?
6
Suppose -3838055 = 348*n - 5053384 - 9797131. What is the units digit of n?
5
Let d = -17478 + 11526. What is the thousands digit of ((-5)/3)/((184/d)/23)?
1
Suppose -81*s + 538660 = 34*s. What is the hundreds digit of s?
6
Let u(q) = 3*q**2 + 9*q - 4. Suppose -2*j + 8 = -0*j, 3*b = -4*j + 4. Let f be u(b). Let h = f + 150. What is the hundreds digit of h?
1
Let t be (-12)/8 + 1175/10. Let j = 141 - t. What is the tens digit of j?
2
Suppose 290*u - 5257260 = 1138980. What is the tens digit of u?
5
Suppose -2*s = 10, 5*t + 2*s - 80 = s. Let n = -30 + 14. Let m = n + t. What is the units digit of m?
1
Let f = 19000 + -11280. What is the thousands digit of f?
7
Let z = -23 - -25. Suppose 0 = -2*i - 4*g - 42, -z*i = -6*i + g - 39. Let o = 79 - i. What is the units digit of o?
0
Suppose 1154563 + 1010747 = 45*h. What is the units digit of h?
8
Suppose 13*u - 7901 = 19711. Suppose 0 = d - 5*t - 511, 0*t - 4*t - u = -4*d. What is the tens digit of d?
3
Let c(y) = -y**2 - 8*y - 12. Let x be c(-7). Let i(d) = -36*d. Let l be i(x). What is the tens digit of (32/(-10))/((-8)/l)?
7
Let p(w) = w**3 - 16*w**2 - 35*w - 4. Let d be p(18). Suppose j - 42 = 2*b, d + 149 = 4*j - 3*b. Let u = 120 - j. What is the tens digit of u?
8
Let f = 16969 - 7756. What is the thousands digit of f?
9
Let v(f) = 9*f**3 + 5*f**2 - 3*f. Let i be v(3). Suppose -81 - 43 = 2*x. Let p = x + i. What is the hundreds digit of p?
2
Suppose 5*b - 120 = -3*l - 2*l, 0 = 4*l + 5*b - 98. Let p be ((-8)/6)/(l/(-33)). What is the units digit of (77 - 7) + p*-2?
6
Suppose -6 + 6 = 3*j. Suppose 5*n + 97 - 122 = j. Suppose -n*c = -14*c + 405. What is the tens digit of c?
4
Let q(r) = -417*r**3 + 3*r. Let k(p) = -418*p**3 + 2*p**2 + 4*p - 1. Let c(v) = -2*k(v) + 3*q(v). What is the hundreds digit of c(-1)?
4
Let x(f) be the third derivative of -10/3*f**3 + 0 + 1/6*f**4 + 0*f + 19*f**2. What is the units digit of x(22)?
8
Let t = -89 - -93. Suppose -2*u + 2*u + t*u = 0. Suppose u = -12*o + 15*o - 486. What is the tens digit of o?
6
Let b = 19 - -132. Let h = -81 - -57. Let z = b + h. What is the tens digit of z?
2
Suppose 0 = -90*i - 24*i + 13178 + 63886. What is the units digit of i?
6
What is the thousands digit of (168696/154)/(5*6/210)?
7
Suppose -20*m - 24 = -26*m. What is the tens digit of -3 + 8392/12 + m/6?
9
Let k(m) = -4*m**3 - 4*m**2 - 3*m + 1. Suppose 5*n = 81 - 11. Suppose -7*l = -n*l - 21. What is the tens digit of k(l)?
8
Suppose 4*c - 9 - 7 = 4*l, 3*l = -4*c + 2. Suppose 4*t - 1848 = 3*j, 5*t - 1207 - 1103 = c*j. What is the tens digit of t?
6
Let s(b) = 46*b + 1441. What is the thousands digit of s(17)?
2
Let n(z) be the first derivative of 8 + 5/2*z**2 + 2/3*z**3 + 17*z. What is the hundreds digit of n(-8)?
1
Suppose -x - 60 + 262 = 0. Let f = 306 - x. Suppose 3*j + j + 327 = 3*r, -r + 3*j = -f. What is the units digit of r?
3
Let o be 32/18 + 24/108. Let r(f) = -f + 1. Let d be r(-2). Suppose d*j - 83 = o*j. What is the tens digit of j?
8
Suppose -115*d = -122*d + 2576. Suppose -660*q + d = -652*q. What is the tens digit of q?
4
Let w(t) = 849 + t**2 - 4*t - 849. Let v be w(0). Suppose c - 5*j - 46 = v, -3*c + 62 = -c + 5*j. What is the tens digit of c?
3
Let a(l) = 16*l - 23. Let k(p) = 63*p - 93. Let r(q) = -15*a(q) + 4*k(q). Let z be r(11). Suppose -2*o + z = -3*d, 4*d = -0*d - 12. What is the tens digit of o?
4
Let d be (-20)/(-6)*90/75. Suppose 0 = 4*v + 12, d*a - 11*v - 724 = -15*v. What is the tens digit of a?
8
Suppose -f - 2*z = -3206, -3*f + z + 10583 = 958. Suppose 20*b - f = 2132. What is the hundreds digit of b?
2
Let c(v) = 6*v**2 - 9*v + 9. Suppose 3 = -3*t - 3*j, -8*t + 7*t + 8 = -2*j. What is the units digit of c(t)?
5
Let w = -23 - -28. Suppose -3*f - 3*x + 516 = 0, w*f + 3*x - 845 = x. What is the tens digit of f?
6
Suppose -9*s = -15*s - 3900. Let t = 1072 + s. What is the tens digit of t?
2
Let q(j) = -j + 1. Let w(z) = 108*z + 3. Let k(b) = -q(b) - w(b). Let p(d) = 6*d - 109. Let c be p(18). What is the units digit of k(c)?
3
Let n(y) = -1461*y + 94. What is the thousands digit of n(-8)?
1
Let r(l) = 15*l + 17*l**2 + 108 - 207 + 108. Let g be r(-10). Suppose g = 19*n + 39. What is the tens digit of n?
8
Let k(h) = -27*h + 3. Let r(c) = -47*c + 28*c + 19 + 17*c. Let m be r(11). What is the tens digit of k(m)?
8
Let x = -2974 + 9167. What is the units digit of x?
3
Let w = -6389 + 16837. What is the tens digit of w?
4
Let h = 45 + 510. Suppose 6*x - 7*x = 2*c - 100, -5*x + c = -h. What is the hundreds digit of x?
1
Suppose -86*p + 232*p - 179142 = 0. What is the thousands digit of p?
1
Suppose 2*i + 3*a + 114 = 0, a + a = -i - 58. Let t be -3 - ((-3 - -4 - 1) + i). Let u = t + 49. What is the tens digit of u?
0
Let r be 7/((-6)/4 - -2). Suppose 18 = -8*w + r*w. What is the hundreds digit of -442*(-3*w/6)/3?
2
Suppose -82*m + 1179942 = -251259 - 456029. What is the thousands digit of m?
3
Let k(i) = -i**3 + i**2 - i + 5. Let c = 255 + -264. What is the units digit of k(c)?
4
Let h be 18/21 + (-42585)/21. Let t = -580 - h. What is the tens digit of t?
4
Suppose 0 = -4*z - 28, -16*z = 3*i - 13*z - 49065. What is the thousands digit of i?
6
Let i(w) be the first derivative of -26*w**2 - 7*w + 149. Let b be -6 - (3 + 0 - 6). What is the hundreds digit of i(b)?
1
Let s(n) = 21*n - 1. Let r be s(2). Let g = 35 - r. Let v(p) = p**3 + 6*p**2 - 10*p - 9. What is the tens digit of v(g)?
5
Let a = -32928 + 52825. What is the ten thousands digit of a?
1
Let d = -125 + 311. Suppose 190*y = d*y + 1568. What is the hundreds digit of y?
3
Let z(h) = 15*h**2 + 516*h - 217. What is the ten thousands digit of z(-59)?
2
Let d be -52*(-4)/(-16)*-2. Suppose -4*i - 6 = -d. What is the hundreds digit of 188 - (i - 4 - 2)?
1
Let a be ((-52)/(-6))/((-19)/(-912)). Let g = a + -207. What is the tens digit of g?
0
Let r be 32/80 - 28/(-5). Suppose -5*z = -r*z + 422. Suppose -3*o - 4*q = -310, z = 4*o - 0*o + q. What is the tens digit of o?
0
Let f = -1011 + 4377. What is the units digit of f?
6
Let v be -26 - (55/(-35) + 8/14). What is the tens digit of -21 - v - 1*-149?
5
Suppose 4*r - 3*r + 28 = 0. Let g(w) = 197 - 7*w - w - 238. What is the units digit of g(r)?
3
Let k = 369 - 365. Let u be (5/10)/((-2)/(-156)). Suppose 0 = k*t - 37 - u. What is the tens digit of t?
1
Let f(y) be the second derivative of 3*y**5/2 - y**4/2 - y**3 + 3*y**2/2 + y - 23. What is the units digit of f(2)?
7
Let c be 5/15*(-1 - -13). Let s(v) = -2 - c*v - 4 + 6 + 4. What is the units digit of s(-5)?
4
Let d = 11 + -1. Suppose -532 = -91*m + 77*m. Let z = d + m. What is the units digit of z?
8
Let i(d) be the second derivative of d**5/20 - 11*d**4/12 + 7*d**3/6 - 9*d**2/2 - 2*d. Let o = -1619 + 1630. What is the units digit of i(o)?
8
Let r(s) = -109*s - 59. Let u(a) = 36*a + 19. Let o(v) = 6*r(v) + 17*u(v). What is the units digit of o(-9)?
7
Let r(i) = -i - 55. Let s be r(-56). What is the units digit of (12/(-6) - -3)/(s/564)?
4
Let y(k) = 2*k**2 - 5*k**2 - 80 + k**3 + 92 + 2*k. Let i be y(5). Let s = i + 75. What is the units digit of s?
7
Let g be 1/((-8)/((-240)/6)). Let s(f) = -2*f**2 - 2*f + 6. Let q be s(-6). What is the tens digit of 4*q/(g/(60/(-16)))?
6
Let x = 14537 + -10310. What is the units digit of x?
7
Let b = 3447 + -3318. Let h(t) = -13*t**3 + 3*t**2 - 5*t - 3. Let o be h(-3). Let a = o - b. What is the tens digit of a?
6
Let m be ((-2)/4 - (-298)/4)/(-1). Let k = 108 + m. Let f = k + 100. What is the hundreds digit of f?
1
Let n(b) be the third derivative of 21*b**4/4 + 391*b**3/6 - 2*b**2 - b. What is the units digit of n(7)?
3
Let h be (16/20)/(5/75). Suppose 8*c = 5*c + h. What is the units digit of (-6)/(-24) + 79/c?
0
What is the units digit of 2/8*8*(12499 + -17)?
4
Suppose 12*c + 7 = 13*c. Let j = -21 + 22. What is the tens digit of j/(-3)*(231/(-1))/c?
1
Suppose 0 = 6*a + a - 28. Suppose -2*i + 4 = 0, 5*y = y - a*i + 32. Suppose -m + y*m - 292 = -3*p, 2*m - 4 = 0. What is the tens digit of p?
9
Suppose 3*x - 172219 = 4*t, 2*t + 57409 = 1864*x - 1863*x. What is the hundreds digit of x?
4
Suppose q = -2*o + 2230, 4*o = q + 5699 - 1239. Suppose 5*n - 145 = o. Suppose 2*s